{"id":330,"date":"2021-10-30T22:09:14","date_gmt":"2021-10-30T22:09:14","guid":{"rendered":"https:\/\/www.pierremonteagudo.com\/?page_id=330"},"modified":"2025-08-20T17:10:43","modified_gmt":"2025-08-20T17:10:43","slug":"autor","status":"publish","type":"page","link":"https:\/\/www.pierremonteagudo.com\/index.php\/autor\/","title":{"rendered":"AUTOR"},"content":{"rendered":"\t\t<div data-elementor-type=\"wp-page\" data-elementor-id=\"330\" class=\"elementor elementor-330\" data-elementor-settings=\"[]\">\n\t\t\t\t\t\t\t<div class=\"elementor-section-wrap\">\n\t\t\t\t\t\t\t<section class=\"elementor-section elementor-top-section elementor-element elementor-element-faddbb4 elementor-section-boxed elementor-section-height-default elementor-section-height-default\" data-id=\"faddbb4\" data-element_type=\"section\">\n\t\t\t\t\t\t<div class=\"elementor-container elementor-column-gap-default\">\n\t\t\t\t\t<div class=\"elementor-column elementor-col-100 elementor-top-column elementor-element elementor-element-dd0e4d1\" data-id=\"dd0e4d1\" data-element_type=\"column\">\n\t\t\t<div class=\"elementor-widget-wrap elementor-element-populated\">\n\t\t\t\t\t\t\t\t<section class=\"elementor-section elementor-inner-section elementor-element elementor-element-bb072d5 elementor-section-boxed elementor-section-height-default elementor-section-height-default\" data-id=\"bb072d5\" data-element_type=\"section\" data-settings=\"{&quot;background_background&quot;:&quot;gradient&quot;}\">\n\t\t\t\t\t\t<div class=\"elementor-container elementor-column-gap-default\">\n\t\t\t\t\t<div class=\"elementor-column elementor-col-50 elementor-inner-column elementor-element elementor-element-a4b4d78\" data-id=\"a4b4d78\" data-element_type=\"column\">\n\t\t\t<div class=\"elementor-widget-wrap\">\n\t\t\t\t\t\t\t\t\t<\/div>\n\t\t<\/div>\n\t\t\t\t<div class=\"elementor-column elementor-col-50 elementor-inner-column elementor-element elementor-element-a58ea17\" data-id=\"a58ea17\" data-element_type=\"column\">\n\t\t\t<div class=\"elementor-widget-wrap elementor-element-populated\">\n\t\t\t\t\t\t\t\t<div class=\"elementor-element elementor-element-c4c0638 elementor-widget elementor-widget-text-editor\" data-id=\"c4c0638\" data-element_type=\"widget\" data-widget_type=\"text-editor.default\">\n\t\t\t\t<div class=\"elementor-widget-container\">\n\t\t\t<style>\/*! elementor - v3.5.1 - 20-12-2021 *\/\n.elementor-widget-text-editor.elementor-drop-cap-view-stacked .elementor-drop-cap{background-color:#818a91;color:#fff}.elementor-widget-text-editor.elementor-drop-cap-view-framed .elementor-drop-cap{color:#818a91;border:3px solid;background-color:transparent}.elementor-widget-text-editor:not(.elementor-drop-cap-view-default) .elementor-drop-cap{margin-top:8px}.elementor-widget-text-editor:not(.elementor-drop-cap-view-default) .elementor-drop-cap-letter{width:1em;height:1em}.elementor-widget-text-editor .elementor-drop-cap{float:left;text-align:center;line-height:1;font-size:50px}.elementor-widget-text-editor .elementor-drop-cap-letter{display:inline-block}<\/style>\t\t\t\t<p style=\"color: #3588b2;\"><span style=\"font-size: xx-large;\"><i>Escritor de investigaci\u00f3n<\/i><\/span><\/p>\t\t\t\t\t\t<\/div>\n\t\t\t\t<\/div>\n\t\t\t\t\t<\/div>\n\t\t<\/div>\n\t\t\t\t\t\t\t<\/div>\n\t\t<\/section>\n\t\t\t\t\t<\/div>\n\t\t<\/div>\n\t\t\t\t\t\t\t<\/div>\n\t\t<\/section>\n\t\t\t\t<section class=\"elementor-section elementor-top-section elementor-element elementor-element-661cf77 elementor-section-boxed elementor-section-height-default elementor-section-height-default\" data-id=\"661cf77\" data-element_type=\"section\" data-settings=\"{&quot;background_background&quot;:&quot;gradient&quot;}\">\n\t\t\t\t\t\t<div class=\"elementor-container elementor-column-gap-default\">\n\t\t\t\t\t<div class=\"elementor-column elementor-col-100 elementor-top-column elementor-element elementor-element-edbc601\" data-id=\"edbc601\" data-element_type=\"column\">\n\t\t\t<div class=\"elementor-widget-wrap elementor-element-populated\">\n\t\t\t\t\t\t\t\t<section class=\"elementor-section elementor-inner-section elementor-element elementor-element-453cc14 elementor-section-boxed elementor-section-height-default elementor-section-height-default\" data-id=\"453cc14\" data-element_type=\"section\" data-settings=\"{&quot;background_background&quot;:&quot;gradient&quot;}\">\n\t\t\t\t\t\t<div class=\"elementor-container elementor-column-gap-default\">\n\t\t\t\t\t<div class=\"elementor-column elementor-col-100 elementor-inner-column elementor-element elementor-element-faa77d7\" data-id=\"faa77d7\" data-element_type=\"column\">\n\t\t\t<div class=\"elementor-widget-wrap elementor-element-populated\">\n\t\t\t\t\t\t\t\t<div class=\"elementor-element elementor-element-49c8a66 elementor-widget elementor-widget-image\" data-id=\"49c8a66\" data-element_type=\"widget\" data-widget_type=\"image.default\">\n\t\t\t\t<div class=\"elementor-widget-container\">\n\t\t\t<style>\/*! elementor - v3.5.1 - 20-12-2021 *\/\n.elementor-widget-image{text-align:center}.elementor-widget-image a{display:inline-block}.elementor-widget-image a img[src$=\".svg\"]{width:48px}.elementor-widget-image img{vertical-align:middle;display:inline-block}<\/style>\t\t\t\t\t\t\t\t\t<figure class=\"wp-caption\">\n\t\t\t\t\t\t\t\t\t\t<img loading=\"lazy\" decoding=\"async\" width=\"768\" height=\"510\" src=\"https:\/\/www.pierremonteagudo.com\/wp-content\/uploads\/2021\/10\/Pierre-Monteagudo-en-Palma-de-Mallorca-768x510.jpg\" class=\"attachment-medium_large size-medium_large\" alt=\"\" srcset=\"https:\/\/www.pierremonteagudo.com\/wp-content\/uploads\/2021\/10\/Pierre-Monteagudo-en-Palma-de-Mallorca-768x510.jpg 768w, https:\/\/www.pierremonteagudo.com\/wp-content\/uploads\/2021\/10\/Pierre-Monteagudo-en-Palma-de-Mallorca-scaled-600x398.jpg 600w, https:\/\/www.pierremonteagudo.com\/wp-content\/uploads\/2021\/10\/Pierre-Monteagudo-en-Palma-de-Mallorca-300x199.jpg 300w, https:\/\/www.pierremonteagudo.com\/wp-content\/uploads\/2021\/10\/Pierre-Monteagudo-en-Palma-de-Mallorca-1024x680.jpg 1024w, https:\/\/www.pierremonteagudo.com\/wp-content\/uploads\/2021\/10\/Pierre-Monteagudo-en-Palma-de-Mallorca-1536x1020.jpg 1536w, https:\/\/www.pierremonteagudo.com\/wp-content\/uploads\/2021\/10\/Pierre-Monteagudo-en-Palma-de-Mallorca-2048x1360.jpg 2048w\" sizes=\"auto, (max-width: 768px) 100vw, 768px\" \/>\t\t\t\t\t\t\t\t\t\t\t<figcaption class=\"widget-image-caption wp-caption-text\">Pierre Monteagudo Consoni<\/figcaption>\n\t\t\t\t\t\t\t\t\t\t<\/figure>\n\t\t\t\t\t\t\t\t\t<\/div>\n\t\t\t\t<\/div>\n\t\t\t\t<div class=\"elementor-element elementor-element-7054ed0 elementor-widget elementor-widget-spacer\" data-id=\"7054ed0\" data-element_type=\"widget\" data-widget_type=\"spacer.default\">\n\t\t\t\t<div class=\"elementor-widget-container\">\n\t\t\t\t\t<div class=\"elementor-spacer\">\n\t\t\t<div class=\"elementor-spacer-inner\"><\/div>\n\t\t<\/div>\n\t\t\t\t<\/div>\n\t\t\t\t<\/div>\n\t\t\t\t\t<\/div>\n\t\t<\/div>\n\t\t\t\t\t\t\t<\/div>\n\t\t<\/section>\n\t\t\t\t<section class=\"elementor-section elementor-inner-section elementor-element elementor-element-43385f0 elementor-section-full_width elementor-section-height-default elementor-section-height-default\" data-id=\"43385f0\" data-element_type=\"section\" data-settings=\"{&quot;background_background&quot;:&quot;gradient&quot;}\">\n\t\t\t\t\t\t<div class=\"elementor-container elementor-column-gap-default\">\n\t\t\t\t\t<div class=\"elementor-column elementor-col-100 elementor-inner-column elementor-element elementor-element-c40fc04\" data-id=\"c40fc04\" data-element_type=\"column\">\n\t\t\t<div class=\"elementor-widget-wrap elementor-element-populated\">\n\t\t\t\t\t\t\t\t<div class=\"elementor-element elementor-element-a78f823 elementor-widget elementor-widget-text-editor\" data-id=\"a78f823\" data-element_type=\"widget\" data-widget_type=\"text-editor.default\">\n\t\t\t\t<div class=\"elementor-widget-container\">\n\t\t\t\t\t\t\t<h3 style=\"color: #3588b2;\"><strong><em>Algo sobre m\u00ed&#8230;<\/em><\/strong><\/h3>\t\t\t\t\t\t<\/div>\n\t\t\t\t<\/div>\n\t\t\t\t<div class=\"elementor-element elementor-element-a0e533c elementor-drop-cap-yes elementor-drop-cap-view-default elementor-widget elementor-widget-text-editor\" data-id=\"a0e533c\" data-element_type=\"widget\" data-settings=\"{&quot;drop_cap&quot;:&quot;yes&quot;}\" data-widget_type=\"text-editor.default\">\n\t\t\t\t<div class=\"elementor-widget-container\">\n\t\t\t\t\t\t\t<p style=\"text-align: justify;\">Escribir ha sido siempre un deleite para m\u00ed. Rodeado de monta\u00f1as y naturaleza, en lo m\u00e1s profundo de la Monta\u00f1a Palentina, hice mis primeras redacciones. Con el paso de los a\u00f1os, encontr\u00e9 el tiempo, me esforc\u00e9 y el sue\u00f1o se hizo realidad. Esa es toda mi historia personal y se resume en una sola frase. <strong><em>Siendo ni\u00f1o tuve un sue\u00f1o, so\u00f1aba con ser escritor y mi sue\u00f1o se hizo realidad<\/em><\/strong>.<\/p><p style=\"text-align: justify;\">Ya entonces pensaba que un Universo tan grande, el nuestro, seguro que alberga vida en muchas Galaxias. Si existe vida \u2013comentaba\u2013 puede que sea inteligente y, en alg\u00fan rinc\u00f3n del Cosmos, haya civilizaciones parecidas a la humana. Tambi\u00e9n me preguntaba, \u00bfcu\u00e1ntas especies puede haber en este Universo? \u00bfHay otros Universos? \u00bfExisten los extraterrestres? \u00bfEntidades Biol\u00f3gicas no Humanas habitan en el planeta Tierra? Acompa\u00f1ar a los investigadores de campo, entre ellos mis padres, me permiti\u00f3 encontrar algunas respuestas. El resto lo he descubierto por mi cuenta, pero a\u00fan me falta, queda mucho por descubrir. Y en eso estoy, en una eterna b\u00fasqueda de la verdad que tantas veces nos ha sido negada.<\/p>\t\t\t\t\t\t<\/div>\n\t\t\t\t<\/div>\n\t\t\t\t\t<\/div>\n\t\t<\/div>\n\t\t\t\t\t\t\t<\/div>\n\t\t<\/section>\n\t\t\t\t<section class=\"elementor-section elementor-inner-section elementor-element elementor-element-ace8584 elementor-section-boxed elementor-section-height-default elementor-section-height-default\" data-id=\"ace8584\" data-element_type=\"section\">\n\t\t\t\t\t\t<div class=\"elementor-container elementor-column-gap-default\">\n\t\t\t\t\t<div class=\"elementor-column elementor-col-100 elementor-inner-column elementor-element elementor-element-2c7886f\" data-id=\"2c7886f\" data-element_type=\"column\">\n\t\t\t<div class=\"elementor-widget-wrap elementor-element-populated\">\n\t\t\t\t\t\t\t\t<div class=\"elementor-element elementor-element-bcbd725 elementor-widget elementor-widget-spacer\" data-id=\"bcbd725\" data-element_type=\"widget\" data-widget_type=\"spacer.default\">\n\t\t\t\t<div class=\"elementor-widget-container\">\n\t\t\t\t\t<div class=\"elementor-spacer\">\n\t\t\t<div class=\"elementor-spacer-inner\"><\/div>\n\t\t<\/div>\n\t\t\t\t<\/div>\n\t\t\t\t<\/div>\n\t\t\t\t\t<\/div>\n\t\t<\/div>\n\t\t\t\t\t\t\t<\/div>\n\t\t<\/section>\n\t\t\t\t\t<\/div>\n\t\t<\/div>\n\t\t\t\t\t\t\t<\/div>\n\t\t<\/section>\n\t\t\t\t<section class=\"elementor-section elementor-top-section elementor-element elementor-element-106befc elementor-section-boxed elementor-section-height-default elementor-section-height-default\" data-id=\"106befc\" data-element_type=\"section\" data-settings=\"{&quot;background_background&quot;:&quot;gradient&quot;}\">\n\t\t\t\t\t\t<div class=\"elementor-container elementor-column-gap-default\">\n\t\t\t\t\t<div class=\"elementor-column elementor-col-100 elementor-top-column elementor-element elementor-element-603f5ae\" data-id=\"603f5ae\" data-element_type=\"column\">\n\t\t\t<div class=\"elementor-widget-wrap elementor-element-populated\">\n\t\t\t\t\t\t\t\t<section class=\"elementor-section elementor-inner-section elementor-element elementor-element-6528fe2 elementor-section-full_width elementor-section-height-default elementor-section-height-default\" data-id=\"6528fe2\" data-element_type=\"section\" data-settings=\"{&quot;background_background&quot;:&quot;gradient&quot;}\">\n\t\t\t\t\t\t<div class=\"elementor-container elementor-column-gap-default\">\n\t\t\t\t\t<div class=\"elementor-column elementor-col-50 elementor-inner-column elementor-element elementor-element-0ce8ca1\" data-id=\"0ce8ca1\" data-element_type=\"column\">\n\t\t\t<div class=\"elementor-widget-wrap elementor-element-populated\">\n\t\t\t\t\t\t\t\t<div class=\"elementor-element elementor-element-316f715 elementor-widget elementor-widget-image\" data-id=\"316f715\" data-element_type=\"widget\" data-widget_type=\"image.default\">\n\t\t\t\t<div class=\"elementor-widget-container\">\n\t\t\t\t\t\t\t\t\t\t\t\t<figure class=\"wp-caption\">\n\t\t\t\t\t\t\t\t\t\t<img loading=\"lazy\" decoding=\"async\" width=\"768\" height=\"802\" src=\"https:\/\/www.pierremonteagudo.com\/wp-content\/uploads\/2021\/10\/El-biografo-Pierre-Monteagudo-muestra-un-par-de-ejemplares-originales-de-los-informes-2-y-3-del-Dr.-Hector-R.-Rojas-para-la-NASA.1004k-768x802.jpg\" class=\"attachment-medium_large size-medium_large\" alt=\"\" srcset=\"https:\/\/www.pierremonteagudo.com\/wp-content\/uploads\/2021\/10\/El-biografo-Pierre-Monteagudo-muestra-un-par-de-ejemplares-originales-de-los-informes-2-y-3-del-Dr.-Hector-R.-Rojas-para-la-NASA.1004k-768x802.jpg 768w, https:\/\/www.pierremonteagudo.com\/wp-content\/uploads\/2021\/10\/El-biografo-Pierre-Monteagudo-muestra-un-par-de-ejemplares-originales-de-los-informes-2-y-3-del-Dr.-Hector-R.-Rojas-para-la-NASA.1004k-600x627.jpg 600w, https:\/\/www.pierremonteagudo.com\/wp-content\/uploads\/2021\/10\/El-biografo-Pierre-Monteagudo-muestra-un-par-de-ejemplares-originales-de-los-informes-2-y-3-del-Dr.-Hector-R.-Rojas-para-la-NASA.1004k-287x300.jpg 287w, https:\/\/www.pierremonteagudo.com\/wp-content\/uploads\/2021\/10\/El-biografo-Pierre-Monteagudo-muestra-un-par-de-ejemplares-originales-de-los-informes-2-y-3-del-Dr.-Hector-R.-Rojas-para-la-NASA.1004k-980x1024.jpg 980w, https:\/\/www.pierremonteagudo.com\/wp-content\/uploads\/2021\/10\/El-biografo-Pierre-Monteagudo-muestra-un-par-de-ejemplares-originales-de-los-informes-2-y-3-del-Dr.-Hector-R.-Rojas-para-la-NASA.1004k.jpg 1300w\" sizes=\"auto, (max-width: 768px) 100vw, 768px\" \/>\t\t\t\t\t\t\t\t\t\t\t<figcaption class=\"widget-image-caption wp-caption-text\">Estos son los c\u00e1lculos para aterrizar en la Luna.<\/figcaption>\n\t\t\t\t\t\t\t\t\t\t<\/figure>\n\t\t\t\t\t\t\t\t\t<\/div>\n\t\t\t\t<\/div>\n\t\t\t\t\t<\/div>\n\t\t<\/div>\n\t\t\t\t<div class=\"elementor-column elementor-col-50 elementor-inner-column elementor-element elementor-element-5b22306\" data-id=\"5b22306\" data-element_type=\"column\">\n\t\t\t<div class=\"elementor-widget-wrap elementor-element-populated\">\n\t\t\t\t\t\t\t\t<div class=\"elementor-element elementor-element-0df0d81 elementor-widget elementor-widget-spacer\" data-id=\"0df0d81\" data-element_type=\"widget\" data-widget_type=\"spacer.default\">\n\t\t\t\t<div class=\"elementor-widget-container\">\n\t\t\t\t\t<div class=\"elementor-spacer\">\n\t\t\t<div class=\"elementor-spacer-inner\"><\/div>\n\t\t<\/div>\n\t\t\t\t<\/div>\n\t\t\t\t<\/div>\n\t\t\t\t<div class=\"elementor-element elementor-element-3493fd8 elementor-drop-cap-yes elementor-drop-cap-view-default elementor-widget elementor-widget-text-editor\" data-id=\"3493fd8\" data-element_type=\"widget\" data-settings=\"{&quot;drop_cap&quot;:&quot;yes&quot;}\" data-widget_type=\"text-editor.default\">\n\t\t\t\t<div class=\"elementor-widget-container\">\n\t\t\t\t\t\t\t<p style=\"text-align: justify;\"><em>Los Expedientes, mi obra literaria, sacan a la luz una de las historias m\u00e1s impactantes que se haya escrito en el mundo de habla hispana. Nunca antes hab\u00eda sido contada, se basa en hechos reales, y descubre algunos de los secretos mejor guardados de las superpotencias mundiales.<\/em><\/p><p style=\"text-align: justify;\">\u00a0<\/p>\t\t\t\t\t\t<\/div>\n\t\t\t\t<\/div>\n\t\t\t\t<div class=\"elementor-element elementor-element-cec3350 elementor-widget elementor-widget-text-editor\" data-id=\"cec3350\" data-element_type=\"widget\" data-widget_type=\"text-editor.default\">\n\t\t\t\t<div class=\"elementor-widget-container\">\n\t\t\t\t\t\t\t<p><em><strong>\u00a1Vaya l\u00edos por dominar el mundo!<\/strong><\/em><\/p>\t\t\t\t\t\t<\/div>\n\t\t\t\t<\/div>\n\t\t\t\t<div class=\"elementor-element elementor-element-9721a8e elementor-widget elementor-widget-spacer\" data-id=\"9721a8e\" data-element_type=\"widget\" data-widget_type=\"spacer.default\">\n\t\t\t\t<div class=\"elementor-widget-container\">\n\t\t\t\t\t<div class=\"elementor-spacer\">\n\t\t\t<div class=\"elementor-spacer-inner\"><\/div>\n\t\t<\/div>\n\t\t\t\t<\/div>\n\t\t\t\t<\/div>\n\t\t\t\t<div class=\"elementor-element elementor-element-e95c09b elementor-widget elementor-widget-text-editor\" data-id=\"e95c09b\" data-element_type=\"widget\" data-widget_type=\"text-editor.default\">\n\t\t\t\t<div class=\"elementor-widget-container\">\n\t\t\t\t\t\t\t<ul><li><p style=\"text-align: center;\"><em><strong>No desprecie las reflexiones que pueden prepararle para reaccionar con agilidad mental ante situaciones extra\u00f1as.<\/strong><\/em><\/p><\/li><\/ul>\t\t\t\t\t\t<\/div>\n\t\t\t\t<\/div>\n\t\t\t\t<div class=\"elementor-element elementor-element-c3faf7c elementor-align-right animated-slow elementor-invisible elementor-widget elementor-widget-button\" data-id=\"c3faf7c\" data-element_type=\"widget\" data-settings=\"{&quot;_animation&quot;:&quot;slideInLeft&quot;,&quot;_animation_delay&quot;:500}\" data-widget_type=\"button.default\">\n\t\t\t\t<div class=\"elementor-widget-container\">\n\t\t\t\t\t<div class=\"elementor-button-wrapper\">\n\t\t\t<a href=\"https:\/\/www.expedienterojas.com\/biografia-hector-rafael-rojas\/\" class=\"elementor-button-link elementor-button elementor-size-xs\" role=\"button\">\n\t\t\t\t\t\t<span class=\"elementor-button-content-wrapper\">\n\t\t\t\t\t\t<span class=\"elementor-button-icon elementor-align-icon-right\">\n\t\t\t\t<i aria-hidden=\"true\" class=\"far fa-hand-point-up\"><\/i>\t\t\t<\/span>\n\t\t\t\t\t\t<span class=\"elementor-button-text\">Biograf\u00eda del astrof\u00edsico H\u00e9ctor R. Rojas <\/span>\n\t\t<\/span>\n\t\t\t\t\t<\/a>\n\t\t<\/div>\n\t\t\t\t<\/div>\n\t\t\t\t<\/div>\n\t\t\t\t\t<\/div>\n\t\t<\/div>\n\t\t\t\t\t\t\t<\/div>\n\t\t<\/section>\n\t\t\t\t<section class=\"elementor-section elementor-inner-section elementor-element elementor-element-4812c3e elementor-section-boxed elementor-section-height-default elementor-section-height-default\" data-id=\"4812c3e\" data-element_type=\"section\">\n\t\t\t\t\t\t<div class=\"elementor-container elementor-column-gap-default\">\n\t\t\t\t\t<div class=\"elementor-column elementor-col-100 elementor-inner-column elementor-element elementor-element-3aac55b\" data-id=\"3aac55b\" data-element_type=\"column\">\n\t\t\t<div class=\"elementor-widget-wrap elementor-element-populated\">\n\t\t\t\t\t\t\t\t<div class=\"elementor-element elementor-element-fab5992 elementor-widget elementor-widget-spacer\" data-id=\"fab5992\" data-element_type=\"widget\" data-widget_type=\"spacer.default\">\n\t\t\t\t<div class=\"elementor-widget-container\">\n\t\t\t\t\t<div class=\"elementor-spacer\">\n\t\t\t<div class=\"elementor-spacer-inner\"><\/div>\n\t\t<\/div>\n\t\t\t\t<\/div>\n\t\t\t\t<\/div>\n\t\t\t\t\t<\/div>\n\t\t<\/div>\n\t\t\t\t\t\t\t<\/div>\n\t\t<\/section>\n\t\t\t\t<div class=\"elementor-element elementor-element-15cd7a4 elementor-pagination-position-inside elementor-arrows-position-inside elementor-widget elementor-widget-image-carousel\" data-id=\"15cd7a4\" data-element_type=\"widget\" data-settings=\"{&quot;slides_to_show&quot;:&quot;3&quot;,&quot;autoplay_speed&quot;:9000,&quot;image_spacing_custom&quot;:{&quot;unit&quot;:&quot;px&quot;,&quot;size&quot;:0,&quot;sizes&quot;:[]},&quot;navigation&quot;:&quot;both&quot;,&quot;autoplay&quot;:&quot;yes&quot;,&quot;pause_on_hover&quot;:&quot;yes&quot;,&quot;pause_on_interaction&quot;:&quot;yes&quot;,&quot;infinite&quot;:&quot;yes&quot;,&quot;speed&quot;:500}\" data-widget_type=\"image-carousel.default\">\n\t\t\t\t<div class=\"elementor-widget-container\">\n\t\t\t<style>\/*! elementor - v3.5.1 - 20-12-2021 *\/\n.elementor-widget-image-carousel .swiper-container{position:static}.elementor-widget-image-carousel .swiper-container .swiper-slide figure{line-height:inherit}.elementor-widget-image-carousel .swiper-slide{text-align:center}.elementor-image-carousel-wrapper:not(.swiper-container-initialized) .swiper-slide{max-width:calc(100% \/ var(--e-image-carousel-slides-to-show, 3))}<\/style>\t\t<div class=\"elementor-image-carousel-wrapper swiper-container\" dir=\"rtl\">\n\t\t\t<div class=\"elementor-image-carousel swiper-wrapper\">\n\t\t\t\t\t\t\t\t<div class=\"swiper-slide\"><figure class=\"swiper-slide-inner\"><img decoding=\"async\" class=\"swiper-slide-image\" src=\"https:\/\/www.pierremonteagudo.com\/wp-content\/uploads\/2021\/10\/Pierre-Monteagudo-biblioteca-Reina-Sofia-Valladolid-con-originales-de-los-estudios-2-y-3-del-astrofisico-Hector-Rojas-para-NASA-271x300.jpg\" alt=\"Pierre Monteagudo - biblioteca Reina Sof\u00eda - Valladolid con originales de los estudios 2 y 3 del astrof\u00edsico H\u00e9ctor Rojas para NASA\" \/><\/figure><\/div><div class=\"swiper-slide\"><figure class=\"swiper-slide-inner\"><img decoding=\"async\" class=\"swiper-slide-image\" src=\"https:\/\/www.pierremonteagudo.com\/wp-content\/uploads\/2021\/10\/En-plena-conferencia.-300x294.jpg\" alt=\"En plena conferencia.\" \/><\/figure><\/div><div class=\"swiper-slide\"><figure class=\"swiper-slide-inner\"><img decoding=\"async\" class=\"swiper-slide-image\" src=\"https:\/\/www.pierremonteagudo.com\/wp-content\/uploads\/2021\/10\/firma-de-libros-255x300.jpg\" alt=\"firma de libros\" \/><\/figure><\/div><div class=\"swiper-slide\"><figure class=\"swiper-slide-inner\"><img decoding=\"async\" class=\"swiper-slide-image\" src=\"https:\/\/www.pierremonteagudo.com\/wp-content\/uploads\/2021\/10\/ddddd-255x300.jpg\" alt=\"ddddd\" \/><\/figure><\/div>\t\t\t<\/div>\n\t\t\t\t\t\t\t\t\t\t\t\t<div class=\"swiper-pagination\"><\/div>\n\t\t\t\t\t\t\t\t\t\t\t\t\t<div class=\"elementor-swiper-button elementor-swiper-button-prev\">\n\t\t\t\t\t\t<i aria-hidden=\"true\" class=\"eicon-chevron-left\"><\/i>\t\t\t\t\t\t<span class=\"elementor-screen-only\">Anterior<\/span>\n\t\t\t\t\t<\/div>\n\t\t\t\t\t<div class=\"elementor-swiper-button elementor-swiper-button-next\">\n\t\t\t\t\t\t<i aria-hidden=\"true\" class=\"eicon-chevron-right\"><\/i>\t\t\t\t\t\t<span class=\"elementor-screen-only\">Siguiente<\/span>\n\t\t\t\t\t<\/div>\n\t\t\t\t\t\t\t\t\t<\/div>\n\t\t\t\t<\/div>\n\t\t\t\t<\/div>\n\t\t\t\t\t<\/div>\n\t\t<\/div>\n\t\t\t\t\t\t\t<\/div>\n\t\t<\/section>\n\t\t\t\t\t\t<\/div>\n\t\t\t\t\t<\/div>\n\t\t","protected":false},"excerpt":{"rendered":"<p>Escritor de investigaci\u00f3n Pierre Monteagudo Consoni Algo sobre m\u00ed&#8230; Escribir ha sido siempre un deleite para m\u00ed. Rodeado de monta\u00f1as y naturaleza, en lo m\u00e1s profundo de la Monta\u00f1a Palentina, hice mis primeras redacciones. Con el paso de los a\u00f1os, encontr\u00e9 el tiempo, me esforc\u00e9 y el sue\u00f1o se hizo realidad. Esa es toda mi [&hellip;]<\/p>\n","protected":false},"author":4,"featured_media":0,"parent":0,"menu_order":0,"comment_status":"closed","ping_status":"closed","template":"","meta":{"kt_blocks_editor_width":"","footnotes":""},"class_list":["post-330","page","type-page","status-publish","hentry"],"_links":{"self":[{"href":"https:\/\/www.pierremonteagudo.com\/index.php\/wp-json\/wp\/v2\/pages\/330","targetHints":{"allow":["GET"]}}],"collection":[{"href":"https:\/\/www.pierremonteagudo.com\/index.php\/wp-json\/wp\/v2\/pages"}],"about":[{"href":"https:\/\/www.pierremonteagudo.com\/index.php\/wp-json\/wp\/v2\/types\/page"}],"author":[{"embeddable":true,"href":"https:\/\/www.pierremonteagudo.com\/index.php\/wp-json\/wp\/v2\/users\/4"}],"replies":[{"embeddable":true,"href":"https:\/\/www.pierremonteagudo.com\/index.php\/wp-json\/wp\/v2\/comments?post=330"}],"version-history":[{"count":159,"href":"https:\/\/www.pierremonteagudo.com\/index.php\/wp-json\/wp\/v2\/pages\/330\/revisions"}],"predecessor-version":[{"id":1304,"href":"https:\/\/www.pierremonteagudo.com\/index.php\/wp-json\/wp\/v2\/pages\/330\/revisions\/1304"}],"wp:attachment":[{"href":"https:\/\/www.pierremonteagudo.com\/index.php\/wp-json\/wp\/v2\/media?parent=330"}],"curies":[{"name":"wp","href":"https:\/\/api.w.org\/{rel}","templated":true}]}}